*y + y. Let d = f + 201. Is d a prime number?
True
Let t be 47 - (-3)/(15/(-20)). Suppose -47*o = -t*o - 2732. Is o prime?
True
Suppose 0 = -10*f + 30 - 10. Let k be (f - 52/14)/(2/(-14)). Suppose -8632 = -k*c + 4*c. Is c composite?
True
Let z = 22236 + 38483. Is z a composite number?
False
Suppose 26*y + 345859 = 2477937. Is y a composite number?
False
Let r be 126/54 + (-4)/3 - -24645. Suppose -3116 + r = 10*w. Is w a prime number?
True
Let q(h) be the first derivative of 389*h**2/2 + 239*h + 27. Is q(6) a prime number?
False
Suppose 0 = 2*m - 3*v + 11641, -4*v + 23307 = -4*m - 3*v. Let c = -1627 - m. Is c prime?
True
Let w(r) = 2*r. Let q(l) = -60*l + 41. Let v(g) = -q(g) + 4*w(g). Is v(14) a composite number?
False
Suppose -5*b + 16033 + 107102 = -2*u, 5*b - 123135 = -3*u. Is b composite?
True
Is (27093/(-44))/((-2)/8*12/908) a composite number?
True
Suppose 3*f - 255 = -4*a, 4*a + 150 = 2*f - 0*a. Suppose f*i = 83*i - 1882. Is i a prime number?
True
Suppose -58 = n - d, 3*d = -n - 0*d - 74. Let g = 73 + n. Suppose -6*v + g*v - 2785 = 0. Is v composite?
False
Let f(a) = -a + 66. Let r be f(58). Is (23905/(-14))/(0 - 4/r) a prime number?
False
Let p(x) = 476*x + 6127. Is p(0) a composite number?
True
Let a(l) = 68*l**2 - l. Let k(z) = -z - 9. Let d be k(-12). Let j be d/((18/(-4))/3). Is a(j) a prime number?
False
Suppose 101536 = 2*a - s, 5*s + 8 = s. Is a composite?
False
Suppose 353462 = -47995*k + 47997*k. Is k prime?
False
Let q be ((-2)/(-2))/(-1 - -2). Suppose 0 = -3*t + q + 32. Let a(p) = p**3 - 9*p**2 + 14*p - 1. Is a(t) a composite number?
True
Let k be (-52624)/(-68) - ((-12)/(-34))/(-3). Suppose -g = -5*x + 2193, -5*x + 4*g - k = -2976. Suppose 11*q - 4171 - x = 0. Is q composite?
False
Let s(j) = 19*j**3 + 22*j**2 + 5*j - 7. Let k(d) = -9*d**3 - 12*d**2 - 3*d + 4. Let c(p) = 5*k(p) + 3*s(p). Is c(7) a prime number?
True
Let v be 25/(-5)*1/((-10)/64). Let w = v - 30. Is (12/8)/((-53)/(-26) - w) prime?
False
Let h(x) = 21717*x**2 + 42*x + 31. Is h(-4) composite?
True
Suppose 2*v = r + 1877, 3*r - 455 = 2*v - 2338. Suppose -v*d = -932*d - 107135. Is d a prime number?
False
Let n be (-45)/9*(-68)/10. Suppose 0 = n*q - 34044 - 61598. Is q composite?
True
Let z(b) = 28*b - 10. Let r be 4 + 276/(-66) + 2/11. Suppose -5*v - 4 + 34 = r. Is z(v) prime?
False
Suppose 2*c = 4*j + 2178, c + 2*j + 3*j - 1082 = 0. Let s = c + -5928. Let h = -1636 - s. Is h prime?
False
Suppose 88*p = -128*p + 63032640 - 17788200. Is p prime?
False
Let m = -3542 - -19262. Let q be ((-8)/20)/((-6)/m). Let c = 2039 - q. Is c a prime number?
True
Let r(c) = 26*c**3 + 16*c**2 - 10*c - 229. Let g(v) = 5*v**3 + 3*v**2 - v - 46. Let n(z) = 11*g(z) - 2*r(z). Is n(5) a prime number?
True
Let l = -287474 + 454983. Is l a prime number?
False
Let m(j) = j**2 - j - 3. Let i be m(5). Suppose -i*s - 92 = -21*s. Suppose 0 = -25*c + s*c + 1778. Is c a composite number?
True
Let z(r) = -8523*r + 217. Is z(-14) a prime number?
False
Suppose -2*j - 15*k + 591979 = -16*k, -5*j - 3*k = -1479986. Is j composite?
False
Let b(f) = -11 + 29 - 15 + 3*f**2 + f**3 + 15*f - f**2. Let s be b(-11). Let y = s + 1772. Is y a composite number?
False
Suppose 63*l = -32*l + 11*l + 17299716. Is l a prime number?
True
Let a(n) = 70*n**2 + 21*n + 214*n**2 - 8 - 99*n**2 + 219 + 97*n**2. Is a(-10) composite?
False
Suppose 2*x + 17 = -4*m + 1, m + 3 = -x. Suppose x*z = 14265 - 3367. Is z a prime number?
True
Let l(r) = r**3 + 12*r**2 + 28*r + 8. Suppose 41 = -4*d + g, -4*g + 0*g = 3*d + 7. Let j be l(d). Is j/(3*3/(-7731)) a prime number?
True
Suppose -2*f + 4*r + 2 = 0, -20 = 4*f - 4*r + 8*r. Let d be f - (2 - -2) - (-3)/1. Is d + 40359/12 - 2/8 a prime number?
True
Suppose 292*w - 291*w = -3*d + 188505, 0 = 2*d + 4*w - 125690. Is d a prime number?
False
Suppose 0 = 13*b - 89566 + 19769. Let u = -2364 + b. Is u a prime number?
False
Is (-20)/25*(-11958555)/84 prime?
True
Suppose 18*d - 105 = 327. Suppose p - d*p = -9453. Is p composite?
True
Let y(m) = -3*m**3 - 37*m**2 + 23*m + 5. Let r be (-1392)/80 + 15/(-25). Is y(r) prime?
True
Let o(m) = 126*m**2 + 6*m + 16. Let r(v) = 377*v**2 + 19*v + 49. Let f(l) = -8*o(l) + 3*r(l). Is f(-2) a composite number?
True
Suppose 0 = -3*l + 117*b - 115*b + 1659, 4*l = 2*b + 2216. Is l composite?
False
Suppose 669*k + 40832604 = 705*k. Is k composite?
False
Suppose -q - 5251 = 33040. Let y = -10906 - q. Is y composite?
True
Let r(w) be the third derivative of 17*w**4/12 - 7*w**3/3 - 407*w**2. Suppose 2*x - 26 = -6. Is r(x) a composite number?
True
Let y be 5/(-25) - 182/(-10). Suppose -12*s = -11*s - y. Let v = 175 - s. Is v a composite number?
False
Suppose -5 = 3*l + 5*x, l + 7 = -35*x + 32*x. Suppose r - l*j + 24515 = 6*r, -r = 2*j - 4903. Is r a composite number?
False
Let s(j) = j**3 + 65*j**2 - 19*j + 158. Is s(-49) composite?
True
Let v be ((-69)/2)/(12 - 510/40). Suppose 88204 = -v*n + 50*n. Is n a prime number?
True
Let z(s) = -s**3 - 7*s**2 + 33*s - 3. Let l(r) be the second derivative of r**4/12 - 8*r**3/3 + 25*r**2/2 - 5*r. Let b be l(13). Is z(b) prime?
True
Suppose -2135 = -2*q + 2467. Let t be (40/12 - 4)*(0 - 2337). Let k = q - t. Is k a composite number?
False
Suppose 370*b = 349*b + 2068899. Is b prime?
True
Let d(a) = 1078*a**3 - 266*a + 1107. Is d(4) a prime number?
False
Let j be 1/((-1)/7044) - 3. Let z = j + 10241. Let s = -2003 + z. Is s a prime number?
False
Let r be 2 + 5 - ((-2 - 3) + 9). Suppose 4*g - 1984 - 769 = -r*t, 4*t = g + 3639. Is t a prime number?
True
Let z be 2 + 5/((-25)/10). Suppose -13*j - 232 = -4*w - 15*j, z = -3*w - 5*j + 160. Let t = 122 - w. Is t a composite number?
True
Let x(j) = 2011*j**2 + 33*j + 9. Is x(7) a composite number?
False
Suppose -15*w + 176010 = -10*w + 5*m, -m + 70403 = 2*w. Is w a prime number?
True
Suppose n - 3*x - 6081 = 0, -41*n + 3*x = -39*n - 12159. Suppose 0 = -3*z + z + 6. Suppose z*g - n = -1767. Is g a composite number?
True
Let a(x) = 582*x + 11. Let g be 0 - 3 - -7 - (-3)/(-3). Let i be a(g). Is i/(-4)*(-5)/(30/24) a composite number?
True
Let g(h) = -51597*h + 1347. Is g(-8) a prime number?
False
Is (-2270286)/(-34) + (-1)/2*(-108)/(-459) composite?
True
Suppose -3*i = -49*i + 505744 + 363610. Is i prime?
True
Let a(q) = -2*q**2 - 7*q + 2. Let j be a(-6). Let t be (-18992)/j + -4 - 4/14. Suppose -7*y = -5*y - t. Is y composite?
False
Let q(r) = 1354*r**2 + 69*r + 46. Is q(15) a prime number?
False
Suppose -16*d + 3*z = -19*d + 1425, d - 460 = -4*z. Let y = d + 6587. Is y composite?
True
Let m = -2329 + 2330. Let u(t) = 1021*t**3 + 26*t**2 - 21*t. Let x(k) = 204*k**3 + 5*k**2 - 4*k. Let i(f) = -2*u(f) + 11*x(f). Is i(m) a prime number?
False
Is 8*7/392*(2561311 + (1 - -9)) prime?
True
Suppose 18*r - 22*r = -4*s - 1900176, s = -5*r + 2375262. Is r a prime number?
True
Suppose -4*q + 5*k + 2 = 20, 5*k - 25 = 5*q. Is (1152872/(-32))/q - 2/(-8) a composite number?
False
Let n be ((-2)/4)/(3/(-51252)). Suppose 103*j = 101*j + n. Is j a composite number?
False
Suppose 0 = -10*g + 557558 - 145928. Is g prime?
False
Let p = 4848 + -2814. Suppose -p = -3*v + 4038. Suppose -5*r + v = 3*r. Is r composite?
True
Suppose 4*k - 16 = -40. Let g be (-1 - -605) + (-2 + k - -4). Suppose 4*j = -3*w + 34779, 2*w - 22606 - g = 4*j. Is w a composite number?
False
Is 82/246 - 152632/(-6) a prime number?
True
Let l = -96824 + 375919. Is l a composite number?
True
Suppose 30*s - 27*s + 227963 = 2*l, 2*l = -4*s + 227942. Is l a prime number?
False
Let a = 137310 + -82261. Suppose -4*x = 3*o - a, 2*x - 2*o = 26130 + 1398. Is x a prime number?
True
Let i = 23 + -13. Suppose -7*j - 3 = -i. Is (j/(-1))/((-4)/1468) a composite number?
False
Let q(g) = -g**2 - 12*g - 16. Let f be q(-10). Suppose 3*a - f*r = 12, -3*r - 2*r = 3*a - 12. Is ((-12265)/(-10))/11*a*1 a prime number?
False
Suppose -2*j + 8*k = -316451 - 1046663, -j + 2*k = -681557. Is j a prime number?
True
Let c(i) = -3*i**2 + 7*i - 9. Let y be c(5). Let q = y + 57. Is ((-105)/(-6))/(4/q) prime?
False
Let k(x) = 11*x - 3 - 10*x + 1 + 15. Let d be k(-14). Is d*(-1255)/(-10)*-2 a prime number?
True
Is 496145/10 + 0 + -2 - 44/(-88) a prime number?
True
Suppose 5*j = 5*x + 20480, -9*x = -j - 14*x + 4102. Let n = -2896 + j. Is n composite?
False
Is (-3267019)/(-3